sands digit of 4830?
4
What is the hundreds digit of 883?
8
What is the tens digit of 313?
1
What is the tens digit of 4524?
2
What is the hundreds digit of 9325?
3
What is the tens digit of 837?
3
What is the hundreds digit of 13282?
2
What is the tens digit of 1290?
9
What is the units digit of 6361?
1
What is the thousands digit of 19668?
9
What is the tens digit of 9806?
0
What is the tens digit of 1333?
3
What is the thousands digit of 19086?
9
What is the hundreds digit of 776?
7
What is the units digit of 505?
5
What is the hundreds digit of 4379?
3
What is the tens digit of 1404?
0
What is the hundreds digit of 25130?
1
What is the hundred thousands digit of 185740?
1
What is the units digit of 4331?
1
What is the units digit of 4323?
3
What is the units digit of 1731?
1
What is the thousands digit of 1429?
1
What is the units digit of 2559?
9
What is the tens digit of 2346?
4
What is the hundreds digit of 1270?
2
What is the tens digit of 46?
4
What is the thousands digit of 6805?
6
What is the units digit of 6428?
8
What is the thousands digit of 119277?
9
What is the thousands digit of 3220?
3
What is the thousands digit of 52176?
2
What is the tens digit of 7939?
3
What is the ten thousands digit of 24685?
2
What is the units digit of 282?
2
What is the tens digit of 573?
7
What is the thousands digit of 1934?
1
What is the tens digit of 1156?
5
What is the units digit of 93?
3
What is the ten thousands digit of 26381?
2
What is the hundreds digit of 1216?
2
What is the hundreds digit of 2921?
9
What is the units digit of 1152?
2
What is the units digit of 3401?
1
What is the thousands digit of 4939?
4
What is the tens digit of 506?
0
What is the tens digit of 789?
8
What is the thousands digit of 20868?
0
What is the units digit of 2499?
9
What is the units digit of 6685?
5
What is the thousands digit of 5520?
5
What is the thousands digit of 60844?
0
What is the thousands digit of 122020?
2
What is the tens digit of 831?
3
What is the hundreds digit of 17257?
2
What is the ten thousands digit of 46599?
4
What is the thousands digit of 26284?
6
What is the hundreds digit of 38213?
2
What is the thousands digit of 165691?
5
What is the tens digit of 1617?
1
What is the tens digit of 766?
6
What is the thousands digit of 5718?
5
What is the hundreds digit of 1591?
5
What is the hundreds digit of 815?
8
What is the units digit of 2272?
2
What is the hundreds digit of 54238?
2
What is the units digit of 10360?
0
What is the thousands digit of 2427?
2
What is the hundreds digit of 13536?
5
What is the units digit of 24317?
7
What is the units digit of 3294?
4
What is the hundred thousands digit of 121002?
1
What is the hundreds digit of 721?
7
What is the hundreds digit of 13507?
5
What is the tens digit of 46483?
8
What is the hundreds digit of 103341?
3
What is the hundreds digit of 4631?
6
What is the units digit of 1010?
0
What is the ten thousands digit of 12314?
1
What is the hundreds digit of 5649?
6
What is the tens digit of 993?
9
What is the tens digit of 28176?
7
What is the ten thousands digit of 28450?
2
What is the thousands digit of 100964?
0
What is the hundreds digit of 1455?
4
What is the tens digit of 8809?
0
What is the tens digit of 1204?
0
What is the hundreds digit of 2813?
8
What is the thousands digit of 105537?
5
What is the hundreds digit of 3832?
8
What is the tens digit of 731?
3
What is the units digit of 115?
5
What is the hundreds digit of 47793?
7
What is the thousands digit of 11550?
1
What is the thousands digit of 9837?
9
What is the thousands digit of 56693?
6
What is the units digit of 10151?
1
What is the tens digit of 111420?
2
What is the thousands digit of 1202?
1
What is the units digit of 1413?
3
What is the tens digit of 3302?
0
What is the tens digit of 4545?
4
What is the tens digit of 8603?
0
What is the ten thousands digit of 29161?
2
What is the tens digit of 1614?
1
What is the thousands digit of 19956?
9
What is the thousands digit of 5546?
5
What is the units digit of 8078?
8
What is the ten thousands digit of 67323?
6
What is the hundreds digit of 1074?
0
What is the tens digit of 1980?
8
What is the tens digit of 90069?
6
What is the hundreds digit of 1462?
4
What is the tens digit of 2714?
1
What is the tens digit of 123?
2
What is the tens digit of 65552?
5
What is the units digit of 3576?
6
What is the tens digit of 63970?
7
What is the tens digit of 997?
9
What is the tens digit of 1745?
4
What is the thousands digit of 3069?
3
What is the ten thousands digit of 13211?
1
What is the thousands digit of 11206?
1
What is the units digit of 1662?
2
What is the units digit of 1597?
7
What is the tens digit of 1380?
8
What is the tens digit of 49144?
4
What is the hundreds digit of 9826?
8
What is the units digit of 68648?
8
What is the hundreds digit of 949?
9
What is the units digit of 61081?
1
What is the units digit of 725?
5
What is the thousands digit of 1107?
1
What is the hundreds digit of 1921?
9
What is the hundreds digit of 74509?
5
What is the units digit of 451?
1
What is the units digit of 26454?
4
What is the ten thousands digit of 27386?
2
What is the hundreds digit of 544?
5
What is the units digit of 785?
5
What is the hundreds digit of 544?
5
What is the hundreds digit of 2867?
8
What is the units digit of 1067?
7
What is the tens digit of 46664?
6
What is the ten thousands digit of 11467?
1
What is the hundreds digit of 7460?
4
What is the units digit of 4414?
4
What is the tens digit of 1299?
9
What is the hundreds digit of 16533?
5
What is the ten thousands digit of 24101?
2
What is the units digit of 62?
2
What is the hundreds digit of 58751?
7
What is the hundreds digit of 103?
1
What is the hundreds digit of 5044?
0
What is the hundreds digit of 34818?
8
What is the hundreds digit of 607?
6
What is the units digit of 53288?
8
What is the units digit of 1131?
1
What is the hundreds digit of 531?
5
What is the units digit of 21349?
9
What is the units digit of 1156?
6
What is the ten thousands digit of 47334?
4
What is the units digit of 20652?
2
What is the units digit of 4693?
3
What is the hundreds digit of 175?
1
What is the thousands digit of 36666?
6
What is the tens digit of 6915?
1
What is the hundreds digit of 19609?
6
What is the tens digit of 262?
6
What is the units digit of 32?
2
What is the tens digit of 4184?
8
What is the hundred thousands digit of 103591?
1
What is the tens digit of 2202?
0
What is the units digit of 1396?
6
What is the thousands digit of 61537?
1
What is the units digit of 792?
2
What is the units digit of 26773?
3
What is the thousands digit of 6854?
6
What is the thousands digit of 3093?
3
What is the hundreds digit of 55669?
6
What is the hundred thousands digit of 112642?
1
What is the thousands digit of 1299?
1
What is the tens digit of 413?
1
What is the tens digit of 1283?
8
What is the hundreds digit of 3437?
4
What is the units digit of 1619?
9
What is the tens digit of 2706?
0
What is the ten thousands digit of 14716?
1
What is the thousands digit of 5097?
5
What is the units digit of 428?
8
What is the tens digit of 5208?
0
What is the ten thousands digit of 30515?
3
What is the hundreds digit of 5665?
6
What is the hundreds digit of 2848?
8
What is the thousands digit of 50164?
0
What is the tens digit of 1493?
9
What is the thousands digit of 1568?
1
What is the thousands digit of 37348?
7
What is the hundreds digit of 978?
9
What is the units digit of 452?
2
What is the units digit of 610?
0
What is the hundreds digit of 2678?
6
What is the tens digit of 908?
0
What is the thousands digit of 7829?
7
What is the thousands digit of 1961?
1
What is the tens digit of 11297?
9
What is the tens digit of 878?
7
What is the hundreds digit of 5730?
7
What is the hundred thousands digit of 137369?
1
What is the tens digit of 17786?
8
What is the units digit of 3371?
1
What is the units digit of 13422?
2
What is the units digit of 97649?
9
What is the tens digit of 53292?
9
What is the hundreds digit of 2386?
3
What is the ten thousands digit of 65270?
6
What is the units digit of 9?
9
What is the hundreds digit of 4519?
5
What is the thousands digit of 4232?
4
What is the hundreds digit of 892?
8
What is the units dig